35. What is p(-307)?
0
Let p(j) = 3*j**3 - 787*j**2 - 521*j - 1308. Give p(263).
7
Let f(w) = 14167*w - 141669. Calculate f(10).
1
Let k(r) = -4*r**3 + 21*r**2 - 237*r + 660. Determine k(8).
-1940
Let b(w) = w**2 + w - 635. What is b(24)?
-35
Let k(s) = s**3 - 329*s**2 - 344*s + 4607. What is k(330)?
-13
Let o(x) = 5*x**2 - 334*x - 5775. What is o(-15)?
360
Let j(g) = -52564*g - 4415372. Calculate j(-84).
4
Let o(g) = g**3 + 129*g**2 - 2121*g - 17023. Give o(-143).
-6
Let l(v) = -293*v**3 + 4977*v**2 + 85*v - 282. Calculate l(17).
7
Let c(n) = 3*n**3 - 7*n**2 + 266*n - 2265. What is c(8)?
951
Let y(a) = 10*a**3 + 279*a**2 + 55*a + 1774. What is y(-28)?
-550
Let h(k) = 478*k**2 + 8231*k + 8229. Determine h(-1).
476
Let m(z) = 66365*z - 729992. Determine m(11).
23
Let u(v) = -153*v - 16065. Give u(-104).
-153
Let b(i) = -461*i**2 + 207458*i - 3587. Calculate b(450).
13
Let s(z) = -2*z**3 + 191*z**2 - 276*z + 373. Calculate s(94).
937
Let b(j) = 19336*j + 154849. What is b(-8)?
161
Let d(u) = -63*u**2 + 6994*u - 13. What is d(111)?
98
Let l(f) = -9440*f + 2161765. Calculate l(229).
5
Let m(i) = i**2 - 197*i + 2536. Calculate m(183).
-26
Let m(f) = 4318*f + 1869727. Give m(-433).
33
Let j(n) = 17*n**2 - 703*n + 170. Determine j(40).
-750
Let n(p) = -47*p**3 - 473*p**2 - 28*p - 45. What is n(-10)?
-65
Let h(p) = -p**3 - 139*p**2 + 1743*p + 13948. Give h(-150).
-2
Let v(r) = -1131*r + 13028. Calculate v(16).
-5068
Let o(l) = l**2 + 127*l - 752020. Give o(-933).
-22
Let t(z) = -3369*z + 27071. Calculate t(8).
119
Let a(h) = -5*h**3 + 17*h**2 - 93*h - 253. Determine a(-2).
41
Let y(s) = -s**3 - 266*s**2 - 392*s + 35908. What is y(-264)?
4
Let g(q) = 6*q**2 + 15*q + 16. Give g(-9).
367
Let u(h) = -4*h**3 + 193*h - 795. Give u(4).
-279
Let g(p) = -267140*p - 5877084. Give g(-22).
-4
Let d(y) = y**3 + 25*y**2 - 522*y + 2053. What is d(8)?
-11
Let z(i) = -6*i**3 + 1107*i**2 + 555*i - 61. What is z(185)?
-61
Let y(p) = 4*p**3 - 82*p**2 - 1216*p - 1380. Calculate y(-9).
6
Let o(x) = 17032*x - 12586643. Determine o(739).
5
Let d(v) = 2*v**3 + 86*v**2 - 1635*v - 2226. What is d(-57)?
-3
Let w(i) = 96*i**3 - i**2 - 706*i + 2077. What is w(3)?
2542
Let j(u) = 18486*u + 388403. Determine j(-21).
197
Let w(b) = 73960*b - 887518. What is w(12)?
2
Let l(b) = 1267*b**2 - 2674*b + 291. What is l(2)?
11
Let g(z) = z**3 - 73*z**2 - 375*z - 37753. What is g(83)?
12
Let s(c) = c**3 + 27*c**2 + 12*c + 305. Calculate s(-27).
-19
Let i(j) = 8*j**3 - 202*j**2 + 392*j + 32. Determine i(2).
72
Let l(v) = 750562*v - 3752788. What is l(5)?
22
Let h(q) = -6*q**3 + 100*q**2 + 1684*q - 28062. What is h(17)?
-12
Let d(h) = -2*h**3 - 112*h**2 - 3*h + 368. Determine d(-56).
536
Let h(b) = -b**3 - 5*b**2 - 237*b - 1721. Determine h(-7).
36
Let l(m) = 789*m - 9583. Determine l(10).
-1693
Let u(b) = -117794*b + 2473677. Determine u(21).
3
Let r(j) = 3*j**2 + 215*j - 5617. Determine r(33).
4745
Let o(k) = 18596*k - 1078572. Give o(58).
-4
Let m(i) = -i**3 + 49*i**2 - 98*i + 248. What is m(47)?
60
Let z(l) = 87*l + 3176. What is z(-21)?
1349
Let l(x) = x**3 - 15*x**2 + 49*x - 59. Determine l(10).
-69
Let n(j) = 22*j**3 - 12*j**2 - 38*j + 20. What is n(-4)?
-1428
Let n(s) = -3*s**3 - 16*s**2 + 142*s + 738. Calculate n(-7).
-11
Let v(r) = 2*r**2 + 74011*r - 740301. Give v(10).
9
Let b(i) = 36*i**2 + 479*i - 451. What is b(-14)?
-101
Let s(z) = -z**3 - 192*z**2 - 587*z - 3717. Calculate s(-189).
63
Let d(a) = -a**2 + 49*a + 9306. Calculate d(-75).
6
Let g(o) = o**3 - 101*o**2 - 396*o + 39987. Give g(101).
-9
Let k(v) = 667906*v - 37402735. Calculate k(56).
1
Let v(u) = -4*u**3 + 107*u**2 - 280*u + 8298. Calculate v(27).
9
Let b(d) = -46*d**2 + 1240*d + 9109. Give b(-6).
13
Let b(d) = 60*d**2 + 861*d - 75. What is b(-6)?
-3081
Let h(u) = 6903*u + 138052. Give h(-20).
-8
Let u(b) = 2*b**3 + 15*b**2 + 219*b + 1484. Calculate u(-7).
0
Let m(c) = c**3 - 12*c**2 - 488*c - 3. Calculate m(29).
142
Let l(m) = 5*m**3 + 149*m**2 + 9*m + 1072. Determine l(-30).
-98
Let x(z) = 879*z - 1780. Calculate x(0).
-1780
Let n(a) = -194*a**2 - 218*a + 1369. Determine n(5).
-4571
Let l(r) = -155*r**2 + 92690*r - 31. What is l(598)?
-31
Let d(r) = 140303*r - 701616. Determine d(5).
-101
Let o(r) = r**3 - 322*r**2 - 983*r + 1816. What is o(325)?
-784
Let h(y) = 896*y + 36734. Determine h(-41).
-2
Let z(f) = -5*f**2 - 444*f + 2429. Give z(-94).
-15
Let l(d) = 169965*d - 509860. Calculate l(3).
35
Let r(j) = j**3 - 489*j**2 + 17867*j + 3710. Determine r(40).
-10
Let c(x) = 8*x**2 - 343*x + 605. Give c(40).
-315
Let g(w) = -3277*w - 1268206. Calculate g(-387).
-7
Let c(w) = -94*w**2 - 1602*w - 20. Determine c(-17).
48
Let j(a) = -99052*a + 11. Determine j(0).
11
Let b(z) = -4827*z**2 - 86*z + 3. Calculate b(0).
3
Let v(a) = -18*a**3 - 53*a**2 - 1018*a - 3055. Give v(-3).
8
Let b(d) = -54*d**2 + 700*d - 60. Give b(13).
-86
Let w(j) = 35*j + 3544. What is w(-116)?
-516
Let b(m) = -171*m + 1891. What is b(16)?
-845
Let t(u) = -7*u**2 - 928*u - 14434. What is t(-18)?
2
Let m(n) = 5*n**3 + 78*n**2 + 505*n + 13. Calculate m(-8).
-1595
Let j(y) = -49*y**2 + 78*y - 366. Give j(4).
-838
Let q(r) = r**2 - 449*r - 9245. Calculate q(-21).
625
Let f(y) = -12948*y - 38948. Give f(-3).
-104
Let m(h) = -68639*h - 343205. Calculate m(-5).
-10
Let f(r) = -409867*r - 1229570. Give f(-3).
31
Let x(h) = -3559*h + 690455. What is x(194)?
9
Let n(d) = -810*d - 91522. Determine n(-113).
8
Let v(u) = -118*u**2 - 869*u + 10. Determine v(-7).
311
Let w(t) = -t**2 + 1069*t - 51000. What is w(50)?
-50
Let j(v) = 35*v**2 + 2783*v - 16772. Calculate j(6).
1186
Let a(q) = 2450*q + 105253. Calculate a(-43).
-97
Let b(u) = 10331*u + 51425. What is b(-5)?
-230
Let r(c) = 3*c**2 + 105*c - 1203. Determine r(10).
147
Let f(j) = 10*j**2 - 3831*j + 15348. Calculate f(4).
184
Let m(a) = 2*a**2 + 328*a + 9986. Give m(-123).
-100
Let r(q) = 187*q**2 - 8041*q + 11. What is r(43)?
11
Let v(c) = 38*c**3 + 1337*c**2 + 4928*c - 23. Give v(-31).
8
Let m(n) = 2*n**3 - 30*n**2 - 928*n + 11184. Give m(11).
8
Let k(v) = 1060*v - 6621. What is k(6)?
-261
Let c(h) = 3*h**3 - 44*h**2 + 980*h - 14631. Give c(15).
294
Let x(m) = -m**3 - 160*m**2 + 1579*m + 789. What is x(10)?
-421
Let i(y) = 3*y**2 - 9*y - 7292. Calculate i(-48).
52
Let i(j) = -3*j**3 - 244*j**2 - 326*j - 607. Give i(-80).
-127
Let x(q) = 232*q**2 + 52899*q + 666. Give x(-228).
-18
Let b(z) = z**3 - 4*z**2 - 346*z - 912. Give b(-15).
3
Let v(i) = i**3 + 163*i**2 - 2*i - 126. What is v(0)?
-126
Let i(g) = 126*g**2 + 3017*g - 56. Give i(-24).
112
Let j(c) = 12*c**3 + 2111*c**2 - 179*c - 516. What is j(-176)?
12
Let i(s) = -15*s**3 + 2701*s**2 + 2534*s + 19. Give i(181).
19
Let v(u) = u**3 + 463*u**2 + 5012*u - 183. Determine v(-11).
-623
Let p(a) = -101*a**2 + 1420*a + 1410. Determine p(15).
-15
Let d(k) = -1843*k - 35022. What is d(-19)?
-5
Let o(h) = -7*h**3 - 155*h**2 - 37*h - 200. Determine o(-22).
130
Let c(s) = -13903*s + 55541. Give c(4).
-71
Let o(u) = -92559*u - 277427. What is o(-3)?
250
Let b(p) = 335*p + 19811. What is b(-59)?
46
Let r(s) = -5*s**2 - 341*s - 327. What is r(-68)?
-259
Let h(o) = 1113*o - 95758. Give h(86).
-40
Let n(o) = 19*o**3 + 328*o**2 + 1095*o + 551. Determine n(-13).
5
Let y(d) = 32*d**3 - 3*d**2 - 147*d - 592. Give y(-4).
-2100
Let w(a) = -43636*a + 3447240. Calculate w(79).
-4
Let x(b) = 18249*b - 1824905. Calculate x(100).
-5
Let w(n) = -n**3 - 55*n**2 + 204*n - 43. Determine w(-58).
-1783
Let b(y) = 214*y + 4555. What is b(-21)?
61
Let b(n) = -4*n**2 - 957*n + 9816. Determine b(10).
-154
Let x(g) = 119*g + 51604. Give x(-424).
1148
Let d(l) = 17*l**2 + 230*l + 125. What is d(-15)?
500
Let t(n) = n**2 + 1492*n + 35309. Give t(-24).
77
Let x(y) = 52*y**2 - 1138*y - 4509. What is x(-4)?
875
Let p(y) = 531*y + 24. Give p(-5).
-2631
Let t(z) = -804*z + 4427. Determine t(7).
-1201
Let v(x) = -8993*x + 341739. Calculate v(38).
5
Let h(y) = -33*y**2 - 53*y - 163. Determine h(-5).
-723
Let h(q) = -5*q**2 - 382*q - 907. What is h(-74)?
-19
Let x(g) = 114*g**2 + 104876*g - 3665. What is x(-920)?
15
Let u(g) = 2051*g + 14353. What is u(-7)?
-4
Let h(s) = -23*s**2 - 99*s + 12. Calculate h(-3).
102
Let x(p) = p**2 - 6044*p + 48362. Give x(8).
74
Let u(i) = 59*i**2 - 632*i - 438. Give